ime number?
True
Suppose -i + 4*f + 79533 = -74896, -772035 = -5*i - 2*f. Is i composite?
False
Let y be (-5 - -24)/(1/2). Let j(o) = -11*o + 55. Let w be j(5). Let d = y - w. Is d a prime number?
False
Let n be 76515/6*(-12)/(-90)*9. Suppose n = 7*c - 1294. Is c a prime number?
True
Suppose 12*x = 53*x - 4379620 - 58507. Is x prime?
True
Suppose 371695 = 17*y - 183304. Is y a composite number?
False
Is (-841545)/(-18)*(-17)/((-425)/10) composite?
False
Let v = 17593 + 3816. Is v a prime number?
False
Let a(q) = q**2 - 16*q + 6. Let m be a(16). Suppose -2*f - m*f = -136. Is 24548/f - 5*1 prime?
True
Suppose 0 = -p - 5, 6*o + 5*p = o - 685. Let t = o - -1027. Is t prime?
False
Let v = -5 + 7. Let g be 8*(-46)/4*(-1 + -3). Suppose 126 = -v*b + g. Is b composite?
True
Suppose -2*d + 563343 = 127*d. Is d a composite number?
True
Suppose 4*d - 16712 = -5*p, 3*d - p + 2*p = 12545. Let r(y) = -2*y**3 - 2*y**2 + 5*y + 7. Let h be r(-2). Suppose -h*f + d = 1118. Is f a prime number?
True
Let a(c) = 17*c**2 + 15*c - 44. Let j be a(-50). Let x = j + -26693. Is x a prime number?
True
Let f(l) = 4*l**3 + 11*l**2 - 56*l + 194. Is f(27) composite?
True
Let q(h) = -876*h + 94. Let i be q(16). Let z = 19891 + i. Is z a prime number?
False
Let a(x) = 78*x - 2. Let s be a(-4). Let w = -47 - s. Suppose 5*h - 6*h = -w. Is h composite?
True
Suppose -18*o + 23*o = 122*o - 3219723. Is o a prime number?
False
Suppose 0 = 5*f + 2*f - 21. Suppose 0*r + 3*n + 12 = -r, f*n + 21 = 2*r. Is -71*r/(-6)*-22*-1 a prime number?
False
Let y = -4059 - -7943. Let u = y - 1447. Is u prime?
True
Suppose y = 6, 3*y = -3*u + 27552 + 136137. Is u a composite number?
True
Let f(a) be the third derivative of -187*a**4/12 - 23*a**3/6 - 31*a**2. Is f(-5) prime?
True
Let g be (-1*0/1)/(-19 - -18). Suppose 3*o - 15170 = -4*m + 7309, g = 5*m. Is o composite?
True
Let y = 104462 - 44979. Is y prime?
False
Let j(h) be the second derivative of 2682*h**5/5 + h**4/3 - h**3/2 - h**2 - 2*h + 10. Is j(1) a composite number?
True
Suppose 35 = 5*t - 5*p + 4*p, 3*t = 5*p + 21. Suppose 7593 - 53758 = -t*j. Suppose 0*z + 5*z - j = 0. Is z prime?
True
Let k(w) = -2*w + 23. Let x be k(10). Let i be x/4 - (-18)/(-24). Suppose i = r - 689 + 238. Is r a prime number?
False
Let q = 430 + -444. Is 36351/(-45)*q - 2/10 a composite number?
True
Let i be 5*(-4)/50*(0 + 10). Let t(u) = -u**3 + u**2 - 1. Let m(n) = -21*n**3 + 2*n**2 - n - 9. Let j(y) = m(y) - 4*t(y). Is j(i) prime?
False
Let x be 30/(-7) - 8/(-28). Let a be (4/(-1) - x)*1. Suppose a = 4*j - 421 - 1095. Is j a prime number?
True
Suppose -x - 31*f = -33*f - 6, -5*f - 12 = -x. Is (x/(-1))/(8/(-25708)) composite?
False
Is (-9*(-16)/(-936) + 34/52)*5661482 a composite number?
False
Let m(b) = b**2 + 4*b - 24. Let p be m(-7). Is p/(3/(-254)*(9 - 7)) prime?
True
Let l be (-30)/18 - 343941*(-2)/(-9). Is 3/(-4) + l/(-28) a prime number?
True
Let s = 0 + 0. Suppose -2*g + 0*h + 4*h = -250, g + 2*h - 129 = s. Let u = 464 - g. Is u composite?
False
Is -97*443/(2*(28/(-8))/7) prime?
False
Let t(q) = 14*q**3 + 4*q**2 + q - 5. Let r be t(4). Let v = 1376 - r. Is v composite?
True
Suppose 11*n + 133*n = 3217392. Is n composite?
False
Let t be 3665/9 + 2/(-9). Suppose -3*s + 411 + 354 = 2*y, 0 = y - 4*s - 366. Let m = y + t. Is m a composite number?
True
Let v = 38818 + -22064. Is v a prime number?
False
Suppose 163 = -v + 646. Suppose 228 = 3*k - v. Is k composite?
True
Let x = 27740 - 17397. Suppose -4*b + 2*w = -50284, -b + x = -w - 2230. Is b a prime number?
True
Is (-15384900)/(-156) + 4/(-26) a composite number?
False
Is 2/2*-917732*13/(-52) composite?
False
Suppose -2*c = c - 72. Let i be 68*(638/c - 14/(-21)). Suppose -k + 54 = -l + 669, 0 = -3*l + k + i. Is l a prime number?
True
Suppose 7*u - u = 18. Suppose -1662 = -u*r + 9*r. Let n = r - -860. Is n composite?
True
Is -7 + -9 + 13408 + 1 + 0 composite?
True
Let i be 5093*(60/15 - (-6)/(-2)). Let y = i - 2082. Is y a composite number?
False
Suppose 30442 = c - 57801. Is c a prime number?
False
Suppose 0 = 9*c - 50 - 112. Suppose 0 = -48*k + c*k + 678390. Is k a composite number?
False
Let o(a) = 9*a**2 - 2*a + 10. Let n(i) = 4*i - 7. Let z(t) = 5*t - 7. Let p(m) = -4*n(m) + 3*z(m). Let y be p(3). Is o(y) composite?
True
Let o(a) = -4*a**3 + 31*a**2 + 11*a + 17. Is o(-15) composite?
False
Suppose 0 = -5*h + 3*c - 1302, 13*h = 18*h + c + 1286. Is 165/22*h/(-9) prime?
False
Let g be 14/6 + 4756/123. Suppose -g*n - 14115 = -134122. Is n a prime number?
True
Suppose 0 = -15*t + 28*t - 36907. Suppose 2*p - 4*f = t + 4147, f = 4*p - 13951. Is p a prime number?
False
Suppose 510824 = 363*o - 294*o - 777613. Is o a composite number?
True
Let c(s) = 38*s**2 + 65*s - 509. Is c(72) prime?
True
Suppose -3*l + 3*b = -11013, -5*l + l + 14679 = -5*b. Let p be 25/(-10)*9/(270/(-24)). Suppose -p*i = 2*i - l. Is i a prime number?
True
Is 1040009/7 + 4/42*(10 + -7) a composite number?
False
Let o(j) = 8*j**3 + 40*j**2 - 234*j + 109. Is o(28) a composite number?
True
Let p be (9/(-6))/(-3 - 192510/(-64176)). Let g = p - 3105. Is g a composite number?
False
Let r = 67 - 107. Let y = 43 + r. Suppose 429 = 6*t - y*t. Is t a composite number?
True
Let z(m) = -3*m - 42. Let s be (60/24)/((-5)/(-12)). Let o(l) = -l - 21. Let t(j) = s*z(j) - 14*o(j). Is t(-19) composite?
True
Let u = 79358 + -25275. Is u a prime number?
True
Let p(s) be the second derivative of -265*s**3/6 + 68*s**2 - 73*s - 2. Is p(-15) composite?
False
Let k(l) = 1247*l - 607. Is k(10) composite?
False
Suppose -g - 2*p + 310969 + 85210 = 0, 0 = 2*p. Is g composite?
True
Let k(j) = -1962*j**3 - 3*j**2 + 102*j + 304. Is k(-3) prime?
False
Let m be 12/(-3) - 0 - 2. Let q be (2 - -3338)/(-5 - m). Suppose -5*h + q = -2415. Is h a composite number?
False
Let t be (-39)/(-9)*9 - 6/(-2). Is (5 - 74/14) + 166038/t a prime number?
False
Is 6/((-108)/(-682262)) + 80/(-180) composite?
True
Let h = 14 + -21. Let f(s) = s**3 + 6*s**2 - 8*s - 4. Let q be f(h). Suppose q - 1 = d. Is d a composite number?
False
Let l = 4055874 + -2100097. Is l composite?
False
Suppose 28*m - 6312126 = 6*m - 174544. Is m composite?
False
Let m = -818335 - -1530986. Is m a composite number?
False
Let p(u) = 18*u**3 + 3*u**2 + 16*u - 23. Let m be p(8). Suppose 3*r + 5*n - m = 0, 0 = 5*r + 5*n - 20379 + 4534. Is r a prime number?
False
Suppose -14*y + 13*y = -52. Let u = 56 - y. Suppose 0 = -2*l + l - u*p + 491, 2*p + 473 = l. Is l composite?
False
Let v(l) = -6*l**3 - 9*l**2 + 3*l + 7. Let f(n) = n**3 - 2*n**2 - n + 1. Let o(g) = -6*f(g) + v(g). Is o(-4) composite?
True
Suppose -207*r + 414*r + 4508652 = 219*r. Is r composite?
True
Suppose -z = 4*s - 255689, 6*z = 2*z - 5*s + 1022789. Is z composite?
True
Let t(a) = 338*a**3 + 12*a**2 + 16*a + 85. Is t(8) a composite number?
True
Suppose -2*z - 5*t + t = -436, 5*z + 5*t = 1080. Let f be (-58)/(-18) + (-4)/18. Suppose 0 = -f*s + 9, -s - 2270 = -3*x + z. Is x composite?
False
Suppose 0 = -7*a + 64*a - 529701. Is a prime?
True
Let z(p) = 973*p**2 + 16*p + 77. Is z(12) a prime number?
True
Let b(d) = 5*d**3 - 3*d**3 - 12*d - 4 + 0*d - 5*d**2 - 3*d**3. Let q be b(-8). Suppose -5*l + 4*o + 1477 = 0, 3*o - q = 3*l - 4*l. Is l prime?
True
Suppose -5*u + 43 + 37 = 0. Let s(l) = 23*l**2 - 64*l - 7. Is s(u) prime?
False
Let n = 21 - 45. Let z = 27 + n. Suppose s + 0*v - 2*v - 265 = 0, 0 = z*s + 3*v - 804. Is s a composite number?
True
Let h be (-205174)/(-8) + (-27)/(-108). Suppose 6675 + h = 6*j. Is j a composite number?
False
Suppose -34*s - 6250524 = -73*s - 45*s. Is s composite?
False
Let c be 1*(-4)/((-4)/3). Suppose 5*q - 2*l = 20247, c*q - 1590 = 2*l + 10559. Is q prime?
True
Is -6 - (-569300)/10*10/4 a prime number?
True
Let i(h) = 6*h + 60. Let m(k) = 2*k + 20. Let j(d) = -3*i(d) + 8*m(d). Let p be j(-13). Let x(n) = 108*n - 13. Is x(p) composite?
True
Is 253497/(-9)*(23 - 26) a composite number?
False
Let u = -170374 + 308445. Is u composite?
False
Let l(h) = -489*h**2 - 3*h + 3. Let m be l(11). Let d be 6/4 + m/(-14). Suppose 5*r - d - 2750 = -3*z, 5*z = 2*r - 2823. Is r a prime number?
True
Suppose 0 = -28*a + 89320 + 118214 + 275830. Is a composite?
True
Let r = -91103 + 130400. Is r prime?
False
Suppose 0 = 192*o - 83989826 + 23191490. Is o comp